{"id":84,"date":"2020-11-29T17:53:54","date_gmt":"2020-11-29T17:53:54","guid":{"rendered":"https:\/\/praxis-fleischhacker.de\/?page_id=84"},"modified":"2020-11-29T19:35:14","modified_gmt":"2020-11-29T19:35:14","slug":"akupunktur","status":"publish","type":"page","link":"https:\/\/praxis-fleischhacker.de\/?page_id=84","title":{"rendered":"Akupunktur"},"content":{"rendered":"\n<div class=\"wp-block-image\"><figure class=\"aligncenter size-large\"><img loading=\"lazy\" decoding=\"async\" width=\"300\" height=\"300\" src=\"https:\/\/praxis-fleischhacker.de\/wp-content\/uploads\/2020\/11\/aku.jpg\" alt=\"\" class=\"wp-image-85\" srcset=\"https:\/\/praxis-fleischhacker.de\/wp-content\/uploads\/2020\/11\/aku.jpg 300w, https:\/\/praxis-fleischhacker.de\/wp-content\/uploads\/2020\/11\/aku-150x150.jpg 150w\" sizes=\"auto, (max-width: 300px) 100vw, 300px\" \/><\/figure><\/div>\n\n\n\n<p>Die traditionelle chinesische Medizin ist ein eigenst\u00e4ndiges heilkundiges Konzept, das durch viele Gelehrte in China \u00fcber einen Zeitraum von 2000 Jahren entwickelt wurde. Hierbei nimmt die Akupunktur einen wichtigen Platz ein.<\/p>\n\n\n\n<p>Akupunktur ist die gezielte therapeutische Beeinflussung von K\u00f6rperfunktionen \u00fcber spezifische Punkte der K\u00f6rperoberfl\u00e4che. Die Akupunktur ist nicht nur ein rasch wirksames Mittel zur Schmerzlinderung, sie wirkt zudem entspannend, stimuliert das Immunsystem und ist motorisch aktivierend, wie etwa bei L\u00e4hmungen. Auch werden mit Hilfe der Akupunktur die Selbstheilungskr\u00e4fte des K\u00f6rpers aktiviert.<\/p>\n\n\n\n<p>Unter anderem folgende Indikationen f\u00fcr eine Akupunkturbehandlung sind anerkannt:<\/p>\n\n\n\n<ul class=\"wp-block-list\"><li>Nikotin- und Ess-Sucht, \u00dcbergewicht<\/li><li>Abwehrschw\u00e4che<\/li><li>R\u00fcckenschmerzen &amp; Gelenkschmerzen<\/li><li>Allergien, Heuschnupfen, Asthma<\/li><li>Depressionen<\/li><li>L\u00e4hmungen<\/li><li>Chronische M\u00fcdigkeit<\/li><li>Migr\u00e4ne und Kopfschmerz<\/li><\/ul>\n\n\n\n<p>Weitere Informationen finden Sie hier:<br> https:\/\/de.wikipedia.org\/wiki\/Akupunktur<\/p>\n","protected":false},"excerpt":{"rendered":"<p>Die traditionelle chinesische Medizin ist ein eigenst\u00e4ndiges heilkundiges Konzept, das durch viele Gelehrte in China \u00fcber einen Zeitraum von 2000 Jahren entwickelt wurde. Hierbei nimmt die Akupunktur einen wichtigen Platz ein. Akupunktur ist die gezielte therapeutische Beeinflussung von K\u00f6rperfunktionen \u00fcber spezifische Punkte der K\u00f6rperoberfl\u00e4che. Die Akupunktur ist nicht nur ein rasch wirksames Mittel zur Schmerzlinderung, [&hellip;]<\/p>\n","protected":false},"author":1,"featured_media":0,"parent":0,"menu_order":0,"comment_status":"closed","ping_status":"closed","template":"","meta":{"footnotes":""},"class_list":["post-84","page","type-page","status-publish","hentry"],"yoast_head":"<!-- This site is optimized with the Yoast SEO plugin v27.1.1 - https:\/\/yoast.com\/product\/yoast-seo-wordpress\/ -->\n<title>Akupunktur - Dr. med. Peter Fleischhacker - Facharzt f\u00fcr Allgemeinmedizin, Akupunktur, Psychotherapie und Ern\u00e4hrungsmedizin<\/title>\n<meta name=\"description\" content=\"Die traditionelle chinesische Medizin ist ein eigenst\u00e4ndiges heilkundiges Konzept, das durch viele Gelehrte in China \u00fcber einen Zeitraum von 2000 Jahren entwickelt wurde.\" \/>\n<meta name=\"robots\" content=\"index, follow, max-snippet:-1, max-image-preview:large, max-video-preview:-1\" \/>\n<link rel=\"canonical\" href=\"https:\/\/praxis-fleischhacker.de\/?page_id=84\" \/>\n<meta property=\"og:locale\" content=\"de_DE\" \/>\n<meta property=\"og:type\" content=\"article\" \/>\n<meta property=\"og:title\" content=\"Akupunktur - Dr. med. Peter Fleischhacker - Facharzt f\u00fcr Allgemeinmedizin, Akupunktur, Psychotherapie und Ern\u00e4hrungsmedizin\" \/>\n<meta property=\"og:description\" content=\"Die traditionelle chinesische Medizin ist ein eigenst\u00e4ndiges heilkundiges Konzept, das durch viele Gelehrte in China \u00fcber einen Zeitraum von 2000 Jahren entwickelt wurde.\" \/>\n<meta property=\"og:url\" content=\"https:\/\/praxis-fleischhacker.de\/?page_id=84\" \/>\n<meta property=\"og:site_name\" content=\"Dr. med. Peter Fleischhacker - Facharzt f\u00fcr Allgemeinmedizin, Akupunktur, Psychotherapie und Ern\u00e4hrungsmedizin\" \/>\n<meta property=\"article:modified_time\" content=\"2020-11-29T19:35:14+00:00\" \/>\n<meta property=\"og:image\" content=\"https:\/\/praxis-fleischhacker.de\/wp-content\/uploads\/2020\/11\/aku.jpg\" \/>\n<meta name=\"twitter:card\" content=\"summary_large_image\" \/>\n<meta name=\"twitter:label1\" content=\"Gesch\u00e4tzte Lesezeit\" \/>\n\t<meta name=\"twitter:data1\" content=\"1\u00a0Minute\" \/>\n<script type=\"application\/ld+json\" class=\"yoast-schema-graph\">{\"@context\":\"https:\/\/schema.org\",\"@graph\":[{\"@type\":\"WebPage\",\"@id\":\"https:\/\/praxis-fleischhacker.de\/?page_id=84\",\"url\":\"https:\/\/praxis-fleischhacker.de\/?page_id=84\",\"name\":\"Akupunktur - Dr. med. Peter Fleischhacker - Facharzt f\u00fcr Allgemeinmedizin, Akupunktur, Psychotherapie und Ern\u00e4hrungsmedizin\",\"isPartOf\":{\"@id\":\"https:\/\/praxis-fleischhacker.de\/#website\"},\"primaryImageOfPage\":{\"@id\":\"https:\/\/praxis-fleischhacker.de\/?page_id=84#primaryimage\"},\"image\":{\"@id\":\"https:\/\/praxis-fleischhacker.de\/?page_id=84#primaryimage\"},\"thumbnailUrl\":\"https:\/\/praxis-fleischhacker.de\/wp-content\/uploads\/2020\/11\/aku.jpg\",\"datePublished\":\"2020-11-29T17:53:54+00:00\",\"dateModified\":\"2020-11-29T19:35:14+00:00\",\"description\":\"Die traditionelle chinesische Medizin ist ein eigenst\u00e4ndiges heilkundiges Konzept, das durch viele Gelehrte in China \u00fcber einen Zeitraum von 2000 Jahren entwickelt wurde.\",\"breadcrumb\":{\"@id\":\"https:\/\/praxis-fleischhacker.de\/?page_id=84#breadcrumb\"},\"inLanguage\":\"de\",\"potentialAction\":[{\"@type\":\"ReadAction\",\"target\":[\"https:\/\/praxis-fleischhacker.de\/?page_id=84\"]}]},{\"@type\":\"ImageObject\",\"inLanguage\":\"de\",\"@id\":\"https:\/\/praxis-fleischhacker.de\/?page_id=84#primaryimage\",\"url\":\"https:\/\/praxis-fleischhacker.de\/wp-content\/uploads\/2020\/11\/aku.jpg\",\"contentUrl\":\"https:\/\/praxis-fleischhacker.de\/wp-content\/uploads\/2020\/11\/aku.jpg\",\"width\":300,\"height\":300},{\"@type\":\"BreadcrumbList\",\"@id\":\"https:\/\/praxis-fleischhacker.de\/?page_id=84#breadcrumb\",\"itemListElement\":[{\"@type\":\"ListItem\",\"position\":1,\"name\":\"Startseite\",\"item\":\"https:\/\/praxis-fleischhacker.de\/\"},{\"@type\":\"ListItem\",\"position\":2,\"name\":\"Akupunktur\"}]},{\"@type\":\"WebSite\",\"@id\":\"https:\/\/praxis-fleischhacker.de\/#website\",\"url\":\"https:\/\/praxis-fleischhacker.de\/\",\"name\":\"Dr. med. Peter Fleischhacker - Facharzt f\u00fcr Allgemeinmedizin, Akupunktur, Psychotherapie und Ern\u00e4hrungsmedizin\",\"description\":\"\",\"publisher\":{\"@id\":\"https:\/\/praxis-fleischhacker.de\/#organization\"},\"potentialAction\":[{\"@type\":\"SearchAction\",\"target\":{\"@type\":\"EntryPoint\",\"urlTemplate\":\"https:\/\/praxis-fleischhacker.de\/?s={search_term_string}\"},\"query-input\":{\"@type\":\"PropertyValueSpecification\",\"valueRequired\":true,\"valueName\":\"search_term_string\"}}],\"inLanguage\":\"de\"},{\"@type\":\"Organization\",\"@id\":\"https:\/\/praxis-fleischhacker.de\/#organization\",\"name\":\"Dr. med. Peter Fleischhacker - Facharzt f\u00fcr Allgemeinmedizin, Akupunktur, Psychotherapie und Ern\u00e4hrungsmedizin\",\"url\":\"https:\/\/praxis-fleischhacker.de\/\",\"logo\":{\"@type\":\"ImageObject\",\"inLanguage\":\"de\",\"@id\":\"https:\/\/praxis-fleischhacker.de\/#\/schema\/logo\/image\/\",\"url\":\"https:\/\/praxis-fleischhacker.de\/wp-content\/uploads\/2020\/11\/logo_linksoben3.gif\",\"contentUrl\":\"https:\/\/praxis-fleischhacker.de\/wp-content\/uploads\/2020\/11\/logo_linksoben3.gif\",\"width\":595,\"height\":138,\"caption\":\"Dr. med. Peter Fleischhacker - Facharzt f\u00fcr Allgemeinmedizin, Akupunktur, Psychotherapie und Ern\u00e4hrungsmedizin\"},\"image\":{\"@id\":\"https:\/\/praxis-fleischhacker.de\/#\/schema\/logo\/image\/\"}}]}<\/script>\n<!-- \/ Yoast SEO plugin. -->","yoast_head_json":{"title":"Akupunktur - Dr. med. Peter Fleischhacker - Facharzt f\u00fcr Allgemeinmedizin, Akupunktur, Psychotherapie und Ern\u00e4hrungsmedizin","description":"Die traditionelle chinesische Medizin ist ein eigenst\u00e4ndiges heilkundiges Konzept, das durch viele Gelehrte in China \u00fcber einen Zeitraum von 2000 Jahren entwickelt wurde.","robots":{"index":"index","follow":"follow","max-snippet":"max-snippet:-1","max-image-preview":"max-image-preview:large","max-video-preview":"max-video-preview:-1"},"canonical":"https:\/\/praxis-fleischhacker.de\/?page_id=84","og_locale":"de_DE","og_type":"article","og_title":"Akupunktur - Dr. med. Peter Fleischhacker - Facharzt f\u00fcr Allgemeinmedizin, Akupunktur, Psychotherapie und Ern\u00e4hrungsmedizin","og_description":"Die traditionelle chinesische Medizin ist ein eigenst\u00e4ndiges heilkundiges Konzept, das durch viele Gelehrte in China \u00fcber einen Zeitraum von 2000 Jahren entwickelt wurde.","og_url":"https:\/\/praxis-fleischhacker.de\/?page_id=84","og_site_name":"Dr. med. Peter Fleischhacker - Facharzt f\u00fcr Allgemeinmedizin, Akupunktur, Psychotherapie und Ern\u00e4hrungsmedizin","article_modified_time":"2020-11-29T19:35:14+00:00","og_image":[{"url":"https:\/\/praxis-fleischhacker.de\/wp-content\/uploads\/2020\/11\/aku.jpg","type":"","width":"","height":""}],"twitter_card":"summary_large_image","twitter_misc":{"Gesch\u00e4tzte Lesezeit":"1\u00a0Minute"},"schema":{"@context":"https:\/\/schema.org","@graph":[{"@type":"WebPage","@id":"https:\/\/praxis-fleischhacker.de\/?page_id=84","url":"https:\/\/praxis-fleischhacker.de\/?page_id=84","name":"Akupunktur - Dr. med. Peter Fleischhacker - Facharzt f\u00fcr Allgemeinmedizin, Akupunktur, Psychotherapie und Ern\u00e4hrungsmedizin","isPartOf":{"@id":"https:\/\/praxis-fleischhacker.de\/#website"},"primaryImageOfPage":{"@id":"https:\/\/praxis-fleischhacker.de\/?page_id=84#primaryimage"},"image":{"@id":"https:\/\/praxis-fleischhacker.de\/?page_id=84#primaryimage"},"thumbnailUrl":"https:\/\/praxis-fleischhacker.de\/wp-content\/uploads\/2020\/11\/aku.jpg","datePublished":"2020-11-29T17:53:54+00:00","dateModified":"2020-11-29T19:35:14+00:00","description":"Die traditionelle chinesische Medizin ist ein eigenst\u00e4ndiges heilkundiges Konzept, das durch viele Gelehrte in China \u00fcber einen Zeitraum von 2000 Jahren entwickelt wurde.","breadcrumb":{"@id":"https:\/\/praxis-fleischhacker.de\/?page_id=84#breadcrumb"},"inLanguage":"de","potentialAction":[{"@type":"ReadAction","target":["https:\/\/praxis-fleischhacker.de\/?page_id=84"]}]},{"@type":"ImageObject","inLanguage":"de","@id":"https:\/\/praxis-fleischhacker.de\/?page_id=84#primaryimage","url":"https:\/\/praxis-fleischhacker.de\/wp-content\/uploads\/2020\/11\/aku.jpg","contentUrl":"https:\/\/praxis-fleischhacker.de\/wp-content\/uploads\/2020\/11\/aku.jpg","width":300,"height":300},{"@type":"BreadcrumbList","@id":"https:\/\/praxis-fleischhacker.de\/?page_id=84#breadcrumb","itemListElement":[{"@type":"ListItem","position":1,"name":"Startseite","item":"https:\/\/praxis-fleischhacker.de\/"},{"@type":"ListItem","position":2,"name":"Akupunktur"}]},{"@type":"WebSite","@id":"https:\/\/praxis-fleischhacker.de\/#website","url":"https:\/\/praxis-fleischhacker.de\/","name":"Dr. med. Peter Fleischhacker - Facharzt f\u00fcr Allgemeinmedizin, Akupunktur, Psychotherapie und Ern\u00e4hrungsmedizin","description":"","publisher":{"@id":"https:\/\/praxis-fleischhacker.de\/#organization"},"potentialAction":[{"@type":"SearchAction","target":{"@type":"EntryPoint","urlTemplate":"https:\/\/praxis-fleischhacker.de\/?s={search_term_string}"},"query-input":{"@type":"PropertyValueSpecification","valueRequired":true,"valueName":"search_term_string"}}],"inLanguage":"de"},{"@type":"Organization","@id":"https:\/\/praxis-fleischhacker.de\/#organization","name":"Dr. med. Peter Fleischhacker - Facharzt f\u00fcr Allgemeinmedizin, Akupunktur, Psychotherapie und Ern\u00e4hrungsmedizin","url":"https:\/\/praxis-fleischhacker.de\/","logo":{"@type":"ImageObject","inLanguage":"de","@id":"https:\/\/praxis-fleischhacker.de\/#\/schema\/logo\/image\/","url":"https:\/\/praxis-fleischhacker.de\/wp-content\/uploads\/2020\/11\/logo_linksoben3.gif","contentUrl":"https:\/\/praxis-fleischhacker.de\/wp-content\/uploads\/2020\/11\/logo_linksoben3.gif","width":595,"height":138,"caption":"Dr. med. Peter Fleischhacker - Facharzt f\u00fcr Allgemeinmedizin, Akupunktur, Psychotherapie und Ern\u00e4hrungsmedizin"},"image":{"@id":"https:\/\/praxis-fleischhacker.de\/#\/schema\/logo\/image\/"}}]}},"_links":{"self":[{"href":"https:\/\/praxis-fleischhacker.de\/index.php?rest_route=\/wp\/v2\/pages\/84","targetHints":{"allow":["GET"]}}],"collection":[{"href":"https:\/\/praxis-fleischhacker.de\/index.php?rest_route=\/wp\/v2\/pages"}],"about":[{"href":"https:\/\/praxis-fleischhacker.de\/index.php?rest_route=\/wp\/v2\/types\/page"}],"author":[{"embeddable":true,"href":"https:\/\/praxis-fleischhacker.de\/index.php?rest_route=\/wp\/v2\/users\/1"}],"replies":[{"embeddable":true,"href":"https:\/\/praxis-fleischhacker.de\/index.php?rest_route=%2Fwp%2Fv2%2Fcomments&post=84"}],"version-history":[{"count":1,"href":"https:\/\/praxis-fleischhacker.de\/index.php?rest_route=\/wp\/v2\/pages\/84\/revisions"}],"predecessor-version":[{"id":86,"href":"https:\/\/praxis-fleischhacker.de\/index.php?rest_route=\/wp\/v2\/pages\/84\/revisions\/86"}],"wp:attachment":[{"href":"https:\/\/praxis-fleischhacker.de\/index.php?rest_route=%2Fwp%2Fv2%2Fmedia&parent=84"}],"curies":[{"name":"wp","href":"https:\/\/api.w.org\/{rel}","templated":true}]}}